False
Is 553634077 a composite number?
False
Is 67495663 prime?
False
Is 16084457 a prime number?
True
Is 3592067 a composite number?
False
Is 41192765 a composite number?
True
Is 43115981 composite?
True
Is 3356039 prime?
True
Is 11489567 a prime number?
True
Is 27110387 a composite number?
False
Is 4626577 a prime number?
True
Is 294443 a composite number?
True
Is 20379531 composite?
True
Is 6115939 prime?
False
Is 30524141 a composite number?
False
Is 26639009 a prime number?
True
Is 25593611 a prime number?
True
Is 2762723 prime?
False
Is 195304957 prime?
True
Is 1016303 prime?
True
Is 362837383 a prime number?
False
Is 36429767 a composite number?
True
Is 186171697 composite?
False
Is 147281423 a prime number?
False
Is 4276421 prime?
True
Is 146477483 prime?
True
Is 4946693 prime?
False
Is 51535307 prime?
True
Is 78428705 a composite number?
True
Is 71280887 prime?
False
Is 8525969 a composite number?
False
Is 328892591 a composite number?
True
Is 1275173 composite?
False
Is 246889 a prime number?
True
Is 2321547 composite?
True
Is 213221971 prime?
False
Is 141998371 composite?
False
Is 60471071 a composite number?
True
Is 28675645 composite?
True
Is 43831373 a composite number?
True
Is 26859811 a prime number?
False
Is 172108367 composite?
False
Is 111622019 a prime number?
False
Is 4931053 prime?
False
Is 4797187 composite?
True
Is 405728549 composite?
False
Is 529828111 composite?
False
Is 143425739 prime?
True
Is 5292199 composite?
True
Is 682296917 composite?
False
Is 139207037 a composite number?
True
Is 7522231 a composite number?
False
Is 158798834 a prime number?
False
Is 8696431 a prime number?
True
Is 671771 composite?
True
Is 51111857 prime?
True
Is 219201391 a prime number?
True
Is 6673493 a composite number?
False
Is 107207 a composite number?
True
Is 286057169 a prime number?
True
Is 26902999 prime?
True
Is 96138707 prime?
False
Is 42831287 a prime number?
False
Is 2990609 composite?
False
Is 644795 a prime number?
False
Is 6476926 prime?
False
Is 833531 a composite number?
True
Is 1400051 a prime number?
True
Is 372254774 prime?
False
Is 26533187 prime?
True
Is 524827 a prime number?
True
Is 31817203 prime?
False
Is 39122003 composite?
True
Is 409030741 a prime number?
False
Is 162700201 a prime number?
False
Is 141655817 prime?
True
Is 12347297 composite?
True
Is 9794087 a prime number?
True
Is 184669 prime?
True
Is 123744913 composite?
True
Is 1077943 a composite number?
False
Is 232565849 a prime number?
False
Is 44815033 prime?
False
Is 121553549 a prime number?
False
Is 12299087 prime?
False
Is 598849 a composite number?
True
Is 15628009 composite?
True
Is 27370951 a composite number?
False
Is 251792897 prime?
True
Is 644363 a prime number?
True
Is 12945059 a composite number?
True
Is 387731939 composite?
True
Is 4552123 prime?
True
Is 148279279 prime?
False
Is 2675808451 composite?
False
Is 49370611 composite?
False
Is 1476367 a composite number?
True
Is 687683 prime?
True
Is 572009 composite?
True
Is 16251407 prime?
True
Is 16414753 composite?
True
Is 77235163 a composite number?
True
Is 387787657 a composite number?
False
Is 9179887 prime?
True
Is 7053653 composite?
False
Is 17602649 a composite number?
False
Is 6723322 a prime number?
False
Is 38464957 prime?
True
Is 514101767 a composite number?
True
Is 1640899 a prime number?
False
Is 3172733 a composite number?
False
Is 71423773 prime?
False
Is 184558931 composite?
True
Is 5796177 a composite number?
True
Is 32640677 a prime number?
True
Is 26954119 prime?
True
Is 143630087 composite?
True
Is 394153 prime?
True
Is 28760057 composite?
False
Is 1977953 composite?
False
Is 67816709 a prime number?
True
Is 116628637 composite?
False
Is 18557261 composite?
True
Is 274393579 a composite number?
True
Is 10094713 a composite number?
False
Is 3856211 a prime number?
False
Is 2799697 composite?
True
Is 6554021 composite?
False
Is 57095807 a composite number?
False
Is 1292924201 a composite number?
False
Is 391629559 a prime number?
True
Is 7488359 composite?
True
Is 240173783 a composite number?
True
Is 9814619 a prime number?
False
Is 24938079 a prime number?
False
Is 8828443 a prime number?
False
Is 34306537 a prime number?
True
Is 5704103 prime?
True
Is 5601091 composite?
True
Is 24508847 a prime number?
False
Is 378546493 a prime number?
False
Is 1117657 a prime number?
True
Is 3260449 a composite number?
False
Is 9693206 a prime number?
False
Is 574811 composite?
True
Is 31849477 prime?
False
Is 204456845 a composite number?
True
Is 6267971 composite?
False
Is 252611914 a prime number?
False
Is 47213003 a composite number?
True
Is 1491629 a prime number?
True
Is 36696797 a composite number?
True
Is 3404231093 a composite number?
False
Is 5620037 composite?
False
Is 16083343 prime?
False
Is 4595527 prime?
True
Is 16107503 composite?
True
Is 17740817 a prime number?
True
Is 205202938 a composite number?
True
Is 2321817 a composite number?
True
Is 1937591 prime?
False
Is 7170886 a prime number?
False
Is 76885241 prime?
True
Is 409284431 a prime number?
True
Is 9746977 composite?
True
Is 103314187 a composite number?
False
Is 134245801 composite?
False
Is 10470389 composite?
False
Is 5138923 prime?
True
Is 2053661 composite?
False
Is 8794139 a prime number?
True
Is 1366957 a prime number?
True
Is 22589209 prime?
False
Is 3190673 composite?
False
Is 31746277 a prime number?
False
Is 2321987 a prime number?
False
Is 1861369 prime?
False
Is 29622557 prime?
True
Is 1740421 composite?
False
Is 167789471 prime?
True
Is 4429171 a composite number?
False
Is 302681 composite?
False
Is 44889986 composite?
True
Is 34147163 composite?
True
Is 70233311 a prime number?
False
Is 71870069 composite?
False
Is 2368381 a prime number?
True
Is 43476257 a composite number?
True
Is 573894913 a prime number?
True
Is 16992686 prime?
False
Is 4612969 a prime number?
True
Is 37081039 composite?
True
Is 3745631 prime?
True
Is 229711193 composite?
True
Is 585355 composite?
True
Is 228955169 composite?
False
Is 6596869 composite?
False
Is 169890379 a composite number?
False
Is 181893457 composite?
False
Is 577170071 prime?
True
Is 1512923 a prime number?
True
Is 64999439 prime?
False
Is 105980593 prime?
True
Is 10762051 a prime number?
True
Is 1455301 a prime number?
True
Is 1753333 prime?
False
Is 2310857 prime?
True
Is 3070205 composite?
True
Is 1878715 prime?
False
Is 761993 a prime number?
True
Is 18314851 prime?
True
Is 42297531 a composite number?
True
Is 72251 a prime number?
True
Is 96547013 a composite number?
False
Is 4039478 prime?
False
Is 27605057 a composite number?
False
Is 481721 a composite number?
False
Is 81032023 prime?
False
Is 15620203 prime?
False
Is 16104437 composite?
False
Is 11591009 a composite number?
False
Is 4099553 a composite number?
True
Is 44315373 a composite number?
True
Is 1328389 a composite number?
True
Is 25793039 composite?
False
Is 17199641 a composite number?
False
Is 8398321 a prime number?
True
Is 6675477 composite?
True
Is 674705113 a prime number?
False
Is 62099423 prime?
True
Is 16612579 prime?
False
Is 265539723 prime?
False
Is 112564499 composite?
False
Is 1175041 composite?
True
Is 90172679 prime?
True
Is 2646139 composite?
True
Is 87383 a composite number?
False
Is 20085335 composite?
True
Is 76796717 a composite number?
False
Is 19427711 prime?
False
Is 769871 composite?
False
Is 73654379 a composite number?
False
Is 485479 prime?
True
Is 204289889 a prime number?
True
Is 65911141 a prime number?
True
Is 29824891 prime?
True
Is 6768257 a prime number?
True
Is 9695891 a prime number?
True
Is 109425727 a prime number?
True
Is 32895019 composite?
True
Is 7042849 a prime number?
False
Is 70682461 composite?
False
Is 5928977 prime?
False
Is 1621063 prime?
False
Is 2779697 a prime number?
False
Is 9084853 prime?
False
Is 884417 a composite number?
False
Is 40542833 composite?
True
Is 28912827 a prime number?
False
Is 2487703 composite?
True
Is 1121987 a prime number?
True
Is 8586047 a prime number?
False
Is 183786793 a prime number?
True
Is 1288657 a prime number?
True
Is 772467 composite?
True
Is 2134663 a composite number?
True
Is 18896623 composite?
False
Is 59537269 a composite number?
True
Is 5611883 composite?
True
Is 147621247 prime?
False